lions digit of 175222096?
5
What is the hundreds digit of 2340682696?
6
What is the hundred millions digit of 2686730431?
6
What is the thousands digit of 73854189?
4
What is the hundred thousands digit of 382457969?
4
What is the tens digit of 143205017?
1
What is the ten millions digit of 1727229855?
2
What is the ten thousands digit of 45110907?
1
What is the ten millions digit of 6398236449?
9
What is the tens digit of 461895925?
2
What is the units digit of 249778347?
7
What is the hundreds digit of 188660271?
2
What is the hundreds digit of 6422447420?
4
What is the tens digit of 171008417?
1
What is the units digit of 97917628?
8
What is the hundreds digit of 2172304?
3
What is the hundreds digit of 916641414?
4
What is the tens digit of 2065119581?
8
What is the hundreds digit of 42089218?
2
What is the millions digit of 2323832891?
3
What is the millions digit of 15349641?
5
What is the ten thousands digit of 2204384129?
8
What is the hundred millions digit of 687434478?
6
What is the hundreds digit of 10734266?
2
What is the hundred thousands digit of 24765471?
7
What is the billions digit of 3920626661?
3
What is the ten millions digit of 1273863836?
7
What is the hundred thousands digit of 211282988?
2
What is the hundred thousands digit of 80166144?
1
What is the hundred thousands digit of 249402850?
4
What is the hundreds digit of 22118074?
0
What is the tens digit of 521502646?
4
What is the hundreds digit of 301801267?
2
What is the millions digit of 415214977?
5
What is the thousands digit of 16227044?
7
What is the millions digit of 623472378?
3
What is the billions digit of 1499435444?
1
What is the hundreds digit of 18678029?
0
What is the hundreds digit of 2199235332?
3
What is the tens digit of 95596531?
3
What is the hundred thousands digit of 108872340?
8
What is the hundred thousands digit of 1355237675?
2
What is the thousands digit of 68461374?
1
What is the hundred thousands digit of 22705135?
7
What is the units digit of 8402439?
9
What is the tens digit of 4379840005?
0
What is the ten millions digit of 1306169233?
0
What is the ten thousands digit of 33883979?
8
What is the hundred millions digit of 3652771353?
6
What is the tens digit of 8248429151?
5
What is the units digit of 1338870451?
1
What is the hundreds digit of 5944998381?
3
What is the units digit of 595336238?
8
What is the hundred millions digit of 244762562?
2
What is the tens digit of 40717599?
9
What is the hundred millions digit of 160040803?
1
What is the billions digit of 3317707290?
3
What is the hundreds digit of 250298647?
6
What is the millions digit of 220040323?
0
What is the units digit of 9146307247?
7
What is the units digit of 409893375?
5
What is the units digit of 252484610?
0
What is the thousands digit of 28849417?
9
What is the ten thousands digit of 8393077?
9
What is the hundred thousands digit of 65833564?
8
What is the hundreds digit of 557047266?
2
What is the tens digit of 37392123?
2
What is the millions digit of 33841051?
3
What is the millions digit of 134613129?
4
What is the millions digit of 406266987?
6
What is the hundred thousands digit of 7985390?
9
What is the hundred thousands digit of 150858309?
8
What is the hundred thousands digit of 44013402?
0
What is the tens digit of 38504017?
1
What is the hundreds digit of 73209926?
9
What is the millions digit of 109511034?
9
What is the thousands digit of 2126213671?
3
What is the ten thousands digit of 2876010242?
1
What is the thousands digit of 292220727?
0
What is the hundreds digit of 67134000?
0
What is the millions digit of 130197433?
0
What is the ten millions digit of 1464322172?
6
What is the thousands digit of 6196159?
6
What is the millions digit of 1754689465?
4
What is the units digit of 171100362?
2
What is the millions digit of 48946146?
8
What is the hundreds digit of 2766188248?
2
What is the units digit of 27289408?
8
What is the thousands digit of 697686730?
6
What is the hundred millions digit of 344255733?
3
What is the hundred thousands digit of 70972477?
9
What is the hundreds digit of 511373289?
2
What is the tens digit of 29882566?
6
What is the thousands digit of 38209458?
9
What is the ten thousands digit of 140765051?
6
What is the ten thousands digit of 4798948954?
4
What is the millions digit of 588181989?
8
What is the thousands digit of 304858491?
8
What is the ten millions digit of 19594993?
1
What is the thousands digit of 38956986?
6
What is the millions digit of 286664081?
6
What is the millions digit of 266336378?
6
What is the tens digit of 37162757?
5
What is the millions digit of 1285757410?
5
What is the millions digit of 603023995?
3
What is the thousands digit of 35231729?
1
What is the billions digit of 1793432569?
1
What is the tens digit of 1267886653?
5
What is the ten thousands digit of 2340874838?
7
What is the thousands digit of 35588712?
8
What is the hundred thousands digit of 58058065?
0
What is the ten thousands digit of 1248819331?
1
What is the hundreds digit of 754965157?
1
What is the thousands digit of 392498886?
8
What is the hundreds digit of 34885483?
4
What is the ten millions digit of 13213135?
1
What is the millions digit of 1324987598?
4
What is the ten millions digit of 1684573523?
8
What is the ten thousands digit of 1733971928?
7
What is the hundreds digit of 48492610?
6
What is the units digit of 7809216?
6
What is the ten millions digit of 757045836?
5
What is the hundreds digit of 159630960?
9
What is the thousands digit of 21119624?
9
What is the hundred millions digit of 434884815?
4
What is the thousands digit of 1325289688?
9
What is the ten millions digit of 242376302?
4
What is the thousands digit of 1809875327?
5
What is the units digit of 2089910224?
4
What is the hundreds digit of 105655847?
8
What is the units digit of 2625995476?
6
What is the hundreds digit of 59760269?
2
What is the hundred thousands digit of 53893566?
8
What is the ten thousands digit of 25431250?
3
What is the units digit of 2089708734?
4
What is the ten millions digit of 40235540?
4
What is the tens digit of 151392909?
0
What is the tens digit of 981512565?
6
What is the millions digit of 361921777?
1
What is the units digit of 364107939?
9
What is the hundreds digit of 388468473?
4
What is the millions digit of 2057067255?
7
What is the tens digit of 237105378?
7
What is the ten millions digit of 59937083?
5
What is the units digit of 44771638?
8
What is the tens digit of 241552992?
9
What is the ten thousands digit of 158906293?
0
What is the millions digit of 357872915?
7
What is the ten millions digit of 24339964?
2
What is the tens digit of 1806574240?
4
What is the millions digit of 3591295?
3
What is the thousands digit of 969520649?
0
What is the hundreds digit of 3508540471?
4
What is the units digit of 50104507?
7
What is the hundreds digit of 102264442?
4
What is the ten thousands digit of 1001056909?
5
What is the ten millions digit of 4487736077?
8
What is the ten thousands digit of 250950582?
5
What is the hundred thousands digit of 7445836?
4
What is the hundreds digit of 1366788496?
4
What is the hundreds digit of 2227609716?
7
What is the tens digit of 537430934?
3
What is the hundred thousands digit of 290121924?
1
What is the thousands digit of 1751715590?
5
What is the millions digit of 29211098?
9
What is the hundreds digit of 66621602?
6
What is the thousands digit of 63288709?
8
What is the ten thousands digit of 81334807?
3
What is the billions digit of 3753715785?
3
What is the ten millions digit of 89806309?
8
What is the ten millions digit of 49920150?
4
What is the units digit of 189832110?
0
What is the units digit of 594283943?
3
What is the thousands digit of 35072239?
2
What is the units digit of 357161846?
6
What is the units digit of 205592008?
8
What is the millions digit of 64963811?
4
What is the tens digit of 29912189?
8
What is the millions digit of 1136358701?
6
What is the millions digit of 130595393?
0
What is the millions digit of 541998242?
1
What is the hundreds digit of 120182080?
0
What is the ten thousands digit of 8062300102?
0
What is the units digit of 852032393?
3
What is the ten thousands digit of 307020528?
2
What is the ten thousands digit of 64015481?
1